
True
Is 68177 a prime number?
False
Is 255379 composite?
True
Is 4055177 composite?
True
Is 15613 prime?
False
Is 3433 prime?
True
Is 75935 composite?
True
Is 162455 composite?
True
Is 4441 prime?
True
Is 2468009 a prime number?
False
Is 1236793 prime?
False
Is 44294 a composite number?
True
Is 26503 a composite number?
True
Is 8749 a composite number?
True
Is 5923 a prime number?
True
Is 6113 prime?
True
Is 1345 composite?
True
Is 1847 a prime number?
True
Is 181767 a prime number?
False
Is 35009 a composite number?
True
Is 1073 a composite number?
True
Is 98305 a composite number?
True
Is 125977 a prime number?
False
Is 7837 a prime number?
False
Is 59333 a prime number?
True
Is 5947 prime?
False
Is 377731 composite?
True
Is 1421857 composite?
False
Is 16447 prime?
True
Is 38351 composite?
False
Is 269617 a composite number?
False
Is 38431 prime?
True
Is 17137 a prime number?
True
Is 6583 prime?
False
Is 767 a composite number?
True
Is 216271 a prime number?
False
Is 810049 a prime number?
True
Is 6139 a prime number?
False
Is 1847 a composite number?
False
Is 13437691 composite?
False
Is 573793 prime?
False
Is 370009 composite?
False
Is 1663 a prime number?
True
Is 45413 a prime number?
True
Is 1271581 a composite number?
True
Is 509539 prime?
False
Is 683809 a prime number?
False
Is 397351 composite?
False
Is 157853 prime?
False
Is 315803 a composite number?
False
Is 13577 composite?
False
Is 895 prime?
False
Is 374743 a prime number?
False
Is 52237 composite?
False
Is 7197 a composite number?
True
Is 1832093 composite?
False
Is 61942 a prime number?
False
Is 74031 composite?
True
Is 4222 composite?
True
Is 34007 a prime number?
False
Is 4426 composite?
True
Is 57922 a composite number?
True
Is 10903 composite?
False
Is 10559 a prime number?
True
Is 172979 composite?
True
Is 134171 a prime number?
True
Is 70793 composite?
False
Is 73351 composite?
False
Is 1345 a composite number?
True
Is 26819 a prime number?
False
Is 17159 composite?
False
Is 1399 a composite number?
False
Is 79531 composite?
False
Is 4201 a prime number?
True
Is 5807 composite?
False
Is 4721 prime?
True
Is 25667 a composite number?
False
Is 317945 a composite number?
True
Is 507461 prime?
True
Is 1301629 a composite number?
True
Is 20833 composite?
True
Is 5953 composite?
False
Is 39205 a prime number?
False
Is 2885 a composite number?
True
Is 2939 composite?
False
Is 798791 prime?
False
Is 96893 composite?
False
Is 3817 prime?
False
Is 3349883 composite?
True
Is 10921 prime?
False
Is 14293 a composite number?
False
Is 840293 prime?
False
Is 569629 a composite number?
True
Is 268379 prime?
False
Is 59861 a prime number?
False
Is 56227 prime?
False
Is 1028471 a prime number?
True
Is 24019 composite?
False
Is 653 composite?
False
Is 3683 prime?
False
Is 35747 a composite number?
False
Is 1271 a composite number?
True
Is 39821 a prime number?
True
Is 82487 composite?
False
Is 548305 a composite number?
True
Is 15767 prime?
True
Is 206317 a prime number?
False
Is 22901 prime?
True
Is 263501 prime?
False
Is 1343 a prime number?
False
Is 393257 a prime number?
True
Is 977 prime?
True
Is 21779 a composite number?
True
Is 166729 prime?
False
Is 426043 prime?
False
Is 481 prime?
False
Is 11369 a composite number?
False
Is 11057 a composite number?
False
Is 1901 prime?
True
Is 394397 prime?
False
Is 76847 composite?
False
Is 5263 prime?
False
Is 104069 a prime number?
False
Is 21839 prime?
True
Is 25937 prime?
False
Is 100669 composite?
False
Is 4817 a prime number?
True
Is 2513 a prime number?
False
Is 3809 a composite number?
True
Is 119869 a composite number?
False
Is 149759 composite?
False
Is 3781 prime?
False
Is 797851 a prime number?
True
Is 227089 a composite number?
False
Is 132887 a prime number?
True
Is 454829 prime?
False
Is 831509 a prime number?
False
Is 9233 a composite number?
True
Is 10821 composite?
True
Is 28111 composite?
False
Is 57329 a prime number?
True
Is 19223 prime?
False
Is 84299 a prime number?
True
Is 96157 composite?
False
Is 300367 a composite number?
False
Is 4373 a composite number?
False
Is 15619 composite?
False
Is 866183 a composite number?
False
Is 139661 composite?
False
Is 1260113 a prime number?
True
Is 8057 prime?
False
Is 34123 composite?
False
Is 148759 prime?
False
Is 71249 composite?
False
Is 1147811 a prime number?
False
Is 10579 prime?
False
Is 12097 composite?
False
Is 6607 a composite number?
False
Is 15901 prime?
True
Is 10289 composite?
False
Is 12367 composite?
True
Is 1973 composite?
False
Is 214691 a prime number?
True
Is 4847 composite?
True
Is 42791 a prime number?
False
Is 1361541 a prime number?
False
Is 1439 prime?
True
Is 2374 prime?
False
Is 405157 composite?
False
Is 164033 prime?
False
Is 37039 prime?
True
Is 3163 a composite number?
False
Is 50831 composite?
True
Is 11983 a prime number?
False
Is 17681 prime?
True
Is 84562 composite?
True
Is 548101 a prime number?
False
Is 31873 a prime number?
True
Is 212749 a prime number?
False
Is 680349 a prime number?
False
Is 2861 prime?
True
Is 79913 composite?
True
Is 29231 prime?
True
Is 441985 a prime number?
False
Is 82189 a prime number?
True
Is 603457 composite?
False
Is 24715 a composite number?
True
Is 15233 a composite number?
False
Is 1649329 composite?
True
Is 27329 a prime number?
True
Is 13771 a composite number?
True
Is 7121 a prime number?
True
Is 60719 prime?
True
Is 740581 composite?
False
Is 62561 a prime number?
False
Is 26759 prime?
True
Is 10049855 a prime number?
False
Is 515677 composite?
False
Is 679 composite?
True
Is 3003323 composite?
False
Is 2411 composite?
False
Is 108897 prime?
False
Is 3109 a prime number?
True
Is 653687 prime?
True
Is 15591 prime?
False
Is 1691173 a prime number?
False
Is 122639 a composite number?
True
Is 298222 prime?
False
Is 24437 composite?
True
Is 6333 composite?
True
Is 421559 a composite number?
False
Is 35 a composite number?
True
Is 82699 composite?
False
Is 119503 prime?
True
Is 91621 prime?
True
Is 443 prime?
True
Is 118691 a composite number?
False
Is 22738 a prime number?
False
Is 2419 composite?
True
Is 12991 composite?
True
Is 150797 a prime number?
True
Is 452363 a prime number?
True
Is 657257 a composite number?
False
Is 415579 composite?
True
Is 787939 a composite number?
False
Is 20578 a prime number?
False
Is 307397 a composite number?
False
Is 37951 a composite number?
False
Is 2452631 composite?
True
Is 39133 composite?
False
Is 370085 composite?
True
Is 14185 a composite number?
True
Is 31363 a composite number?
True
Is 974359 a composite number?
False
Is 444767 composite?
False
Is 478109 prime?
False
Is 1326539 a prime number?
False
Is 111649 a prime number?
False
Is 5394349 a composite number?
False
Is 82721 prime?
True
Is 3946 composite?
True
Is 447494 a prime number?
False
Is 11057 composite?
False
Is 20627 a prime number?
True
Is 282959 a composite number?
False
Is 16201 a prime number?
False
Is 7897 composite?
True
Is 375481 a prime number?
True
Is 215351 composite?
False
Is 94151 a composite number?
False
Is 539705 prime?
False
Is 24267 composite?
True
Is 943183 composite?
False
Is 158291 a prime number?
False
Is 3763 prime?
False
Is 529097 prime?
True
Is 260441 composite?
False
Is 168151 a prime number?
True
Is 1151 a composite number?
False
Is 79942 composite?
True
Is 32649 a prime number?
False
Is 109049 a prime number?
True
Is 346391 composite?
False
Is 47567 prime?
False
Is 15569 prime?
True
Is 2343223 a composite number?
False
Is 71741 a prime number?
True
Is 169823 a prime number?
True
Is 8057 composite?
True
Is 6469 a prime number?
True
Is 111299 a composite number?
True
Is 4699 a composite number?
True
Is 197233 composite?
False
Is 177259 prime?
False
Is 318821 composite?
True
Is 673 composite?
False
Is 462959 composite?
True
Is 12677 prime?
False
Is 3647 a prime number?
False
Is 1087 prime?
True
Is 35727 composite?
True
Is 204307 prime?
False
Is 155191 composite?
False
Is 1889571 a composite number?
True
Is 16619 a composite number?
False
Is 3953087 a prime number?
False
Is 41045 a prime number?
False
Is 647 a composite number?
False
Is 198529 composite?
False
Is 157583 a composite number?
True
Is 1848919 a prime number?
True
Is 106591 a composite number?
False
Is 317 composite?
F